3551?
67
Calculate the highest common divisor of 92 and 1863.
23
What is the highest common factor of 162 and 36?
18
What is the greatest common factor of 1102 and 638?
58
What is the greatest common factor of 4410 and 90?
90
What is the greatest common divisor of 315 and 126?
63
What is the greatest common divisor of 86 and 817?
43
What is the highest common factor of 80 and 140?
20
Calculate the greatest common divisor of 12 and 3072.
12
What is the highest common factor of 11 and 3388?
11
Calculate the greatest common factor of 299 and 115.
23
What is the highest common divisor of 1972 and 272?
68
What is the greatest common factor of 24 and 29580?
12
What is the highest common factor of 60 and 240?
60
What is the highest common divisor of 12 and 183?
3
Calculate the greatest common factor of 26 and 442.
26
What is the highest common divisor of 11453 and 39?
13
What is the highest common factor of 288 and 528?
48
What is the greatest common divisor of 26 and 8385?
13
What is the greatest common factor of 63 and 1407?
21
What is the greatest common factor of 202 and 8?
2
What is the greatest common factor of 70 and 200?
10
Calculate the highest common divisor of 12 and 69.
3
What is the greatest common factor of 220 and 572?
44
Calculate the greatest common divisor of 200 and 250.
50
What is the highest common factor of 20 and 580?
20
Calculate the highest common factor of 10 and 3105.
5
What is the highest common factor of 41 and 41?
41
Calculate the greatest common divisor of 23 and 9683.
23
Calculate the highest common factor of 15 and 17790.
15
Calculate the highest common divisor of 4158 and 84.
42
What is the highest common factor of 280 and 50?
10
What is the highest common divisor of 39 and 9204?
39
Calculate the highest common factor of 943 and 287.
41
Calculate the highest common factor of 552 and 230.
46
What is the highest common divisor of 196 and 684?
4
Calculate the highest common divisor of 299 and 46.
23
What is the highest common factor of 11092 and 376?
188
What is the greatest common divisor of 1972 and 629?
17
What is the highest common divisor of 623 and 1157?
89
What is the highest common factor of 29971 and 34?
17
What is the highest common divisor of 616 and 1624?
56
What is the highest common divisor of 681 and 42?
3
Calculate the greatest common divisor of 871 and 26.
13
Calculate the greatest common factor of 38121 and 291.
291
What is the highest common factor of 70 and 3255?
35
What is the greatest common factor of 400 and 500?
100
What is the greatest common factor of 636 and 12?
12
What is the greatest common divisor of 5362 and 14?
14
What is the greatest common factor of 61 and 72407?
61
Calculate the highest common divisor of 474 and 6.
6
What is the highest common divisor of 4 and 662?
2
Calculate the highest common factor of 8541 and 13.
13
Calculate the highest common divisor of 56 and 8.
8
Calculate the greatest common factor of 6 and 18.
6
Calculate the highest common divisor of 275 and 1025.
25
What is the highest common divisor of 1395 and 45?
45
What is the greatest common divisor of 18634 and 154?
154
What is the greatest common divisor of 2139 and 69?
69
Calculate the highest common factor of 10 and 44890.
10
What is the greatest common divisor of 53753 and 98?
49
Calculate the greatest common factor of 320 and 30.
10
Calculate the greatest common factor of 16 and 15408.
16
What is the highest common divisor of 69 and 375?
3
Calculate the highest common factor of 252 and 54.
18
Calculate the highest common factor of 2 and 134.
2
What is the highest common divisor of 756 and 3276?
252
Calculate the greatest common factor of 32403 and 21.
21
What is the highest common divisor of 1045 and 95?
95
Calculate the highest common factor of 93 and 589.
31
What is the highest common factor of 56 and 602?
14
What is the greatest common divisor of 1785 and 459?
51
Calculate the greatest common divisor of 306 and 153.
153
Calculate the greatest common divisor of 35 and 175.
35
Calculate the highest common divisor of 749 and 56.
7
Calculate the highest common divisor of 48 and 168.
24
Calculate the highest common divisor of 285 and 171.
57
What is the highest common factor of 2 and 821?
1
What is the greatest common divisor of 209 and 76?
19
What is the highest common factor of 45 and 1035?
45
Calculate the greatest common factor of 3 and 62.
1
What is the greatest common factor of 36 and 96?
12
Calculate the highest common factor of 732 and 1403.
61
What is the highest common divisor of 147 and 231?
21
What is the greatest common divisor of 35 and 763?
7
What is the greatest common factor of 25 and 50?
25
Calculate the greatest common factor of 27 and 837.
27
Calculate the greatest common factor of 105 and 35.
35
Calculate the greatest common divisor of 23 and 1219.
23
What is the highest common divisor of 2664 and 108?
36
Calculate the greatest common factor of 35 and 35.
35
Calculate the highest common divisor of 16 and 1152.
16
Calculate the highest common factor of 1419 and 11.
11
Calculate the greatest common divisor of 90 and 558.
18
Calculate the highest common divisor of 800 and 3872.
32
What is the highest common factor of 418 and 76?
38
What is the greatest common divisor of 126 and 693?
63
What is the highest common factor of 1 and 25?
1
What is the highest common divisor of 34 and 1649?
17
Calculate the greatest common factor of 590 and 10.
10
What is the greatest common factor of 49 and 10?
1
What is the highest common divisor of 42220 and 20?
20
What is the highest common factor of 144 and 72?
72
Calculate the greatest common factor of 7688 and 93.
31
What is the highest common factor of 680 and 85?
85
What is the highest common factor of 9 and 4626?
9
What is the greatest common factor of 2158 and 78?
26
Calculate the highest common divisor of 6655 and 5.
5
Calculate the highest common divisor of 40 and 140.
20
What is the highest common factor of 62 and 4588?
62
What is the highest common factor of 33 and 4873?
11
What is the highest common divisor of 420 and 252?
84
What is the highest common factor of 57 and 5719?
19
Calculate the greatest common divisor of 5908 and 84.
28
Calculate the greatest common factor of 85 and 51.
17
What is the highest common factor of 85 and 119?
17
What is the greatest common divisor of 469 and 14?
7
Calculate the greatest common factor of 4407 and 3616.
113
Calculate the greatest common factor of 6157 and 47.
47
Calculate the highest common divisor of 212 and 530.
106
Calculate the highest common factor of 221 and 119.
17
What is the greatest common factor of 333 and 185?
37
Calculate the greatest common divisor of 52 and 1170.
26
What is the highest common divisor of 22 and 682?
22
What is the greatest common divisor of 2 and 2342?
2
Calculate the greatest common divisor of 48 and 1764.
12
What is the greatest common divisor of 6380 and 88?
44
Calculate the highest common factor of 273 and 8463.
273
What is the greatest common factor of 756 and 168?
84
What is the greatest common factor of 11 and 1?
1
What is the highest common factor of 24 and 2364?
12
What is the greatest common factor of 4 and 116?
4
Calculate the highest common factor of 138 and 92.
46
What is the greatest common factor of 32 and 80?
16
What is the highest common factor of 50 and 410?
10
What is the highest common divisor of 3654 and 56?
14
Calculate the highest common divisor of 496 and 31.
31
What is the highest common divisor of 32 and 1568?
32
What is the greatest common factor of 11 and 3641?
11
Calculate the highest common factor of 20 and 830.
10
Calculate the greatest common factor of 35 and 90.
5
Calculate the highest common divisor of 1963 and 169.
13
What is the greatest common factor of 136 and 119?
17
Calculate the highest common divisor of 810 and 10.
10
What is the highest common factor of 124 and 26?
2
What is the greatest common factor of 1000 and 40?
40
What is the highest common divisor of 126 and 357?
21
Calculate the greatest common factor of 260 and 21190.
130
What is the highest common divisor of 77 and 11?
11
Calculate the greatest common factor of 60 and 390.
30
Calculate the greatest common factor of 5 and 2985.
5
What is the greatest common divisor of 13541 and